4, what is 321123 + 10?
321133
In base 6, what is 103003343 - 5?
103003334
In base 5, what is 2213223 + 14?
2213242
In base 4, what is -103 - 1230022?
-1230131
In base 3, what is -10121122101201 + -11?
-10121122101212
In base 6, what is -1340050 - -5?
-1340041
In base 11, what is -249 - -745?
4a7
In base 14, what is -5c26c + 2?
-5c26a
In base 14, what is 3 + 1842c4?
1842c7
In base 11, what is -4 + 340a03?
3409aa
In base 3, what is -2120011 - 112220?
-10010001
In base 15, what is 852 + -1b?
836
In base 13, what is 19a + -36?
164
In base 5, what is -113 - -131240?
131122
In base 6, what is 0 - -202543?
202543
In base 2, what is 10001000000 - -10000101101?
100001101101
In base 9, what is -34438 - -4?
-34434
In base 10, what is 1963641 + -4?
1963637
In base 6, what is 240524 - -11?
240535
In base 12, what is -297 + 278a?
24b3
In base 11, what is 32791 + -8?
32784
In base 5, what is 11340 - 2411?
3424
In base 6, what is -1423 + -14?
-1441
In base 5, what is 323 - 23344?
-23021
In base 5, what is 12 + -2312220?
-2312203
In base 4, what is -2022123203 - 31?
-2022123300
In base 14, what is -ac1 + 9?
-ab6
In base 4, what is 2132222 - 22?
2132200
In base 14, what is 14 - 883?
-86d
In base 15, what is -7955 - 2?
-7957
In base 15, what is -26bd + -5?
-26c3
In base 6, what is -243012 - 1?
-243013
In base 9, what is -53 + -1830?
-1883
In base 13, what is -813 + -10b?
-921
In base 12, what is -5 - -1a54?
1a4b
In base 9, what is -30364 - 11?
-30375
In base 11, what is 280 + 142?
412
In base 7, what is -14356365 - -1?
-14356364
In base 3, what is -2211 + 1000010?
220022
In base 10, what is -1393 + 214?
-1179
In base 7, what is 1415 - -25?
1443
In base 11, what is -83a8 - 12?
-840a
In base 9, what is -2 + 317?
315
In base 10, what is 31 - 343?
-312
In base 15, what is -a2 + -812?
-8b4
In base 5, what is 3041 - -4113?
12204
In base 9, what is 0 - -78672?
78672
In base 2, what is 10010010 - -110101000000?
110111010010
In base 14, what is 5 + -9459?
-9454
In base 7, what is -154 + 1443?
1256
In base 8, what is -1715541 - -3?
-1715536
In base 4, what is 101113 - -110?
101223
In base 16, what is -5 + 3cab3?
3caae
In base 10, what is 69 - -8798?
8867
In base 16, what is -c479 + -3?
-c47c
In base 15, what is -36aa3 - -2?
-36aa1
In base 11, what is -53 + -957?
-9aa
In base 9, what is -254351 + -2?
-254353
In base 7, what is -204135 + -5?
-204143
In base 4, what is 302 + -1203121?
-1202213
In base 11, what is 15a - 1a7?
-48
In base 2, what is -100111 - -11001010110?
11000101111
In base 12, what is 2719 + 2?
271b
In base 14, what is 0 - -20d51?
20d51
In base 8, what is -6 + 1576?
1570
In base 3, what is -2211202 + 20120?
-2121012
In base 5, what is 3410014 - 122?
3404342
In base 14, what is 4 + -269b5?
-269b1
In base 5, what is 13 + -102204341?
-102204323
In base 9, what is -1217567 + -4?
-1217572
In base 10, what is 685162 + 5?
685167
In base 5, what is 3 + -2143122?
-2143114
In base 14, what is -10db8 + 3?
-10db5
In base 11, what is 7534 - 20?
7514
In base 16, what is -db + 3?
-d8
In base 15, what is 5d80 - 4c?
5d33
In base 2, what is 11101011 + 101111?
100011010
In base 5, what is 443 + -2440?
-1442
In base 9, what is 5 + 406436?
406442
In base 10, what is -17 - 5418?
-5435
In base 4, what is -1331020 + 10?
-1331010
In base 5, what is -33124 + 13?
-33111
In base 5, what is 1331141 - 4?
1331132
In base 7, what is -360 + -2202?
-2562
In base 7, what is -5 + -11142?
-11150
In base 10, what is 0 - 223956?
-223956
In base 5, what is -2 + 1133?
1131
In base 8, what is -400 - -14773?
14373
In base 7, what is -11 - -32263?
32252
In base 16, what is -2 - 568e?
-5690
In base 5, what is 212 - 40402?
-40140
In base 8, what is 11 - 10525?
-10514
In base 14, what is -a - 2593?
-259d
In base 5, what is -3114 - -2004?
-1110
In base 4, what is -21023101 - -10?
-21023031
In base 10, what is 4772 + -1?
4771
In base 10, what is -143 + -779?
-922
In base 16, what is -e822 + a?
-e818
In base 5, what is 442122 - 1?
442121
In base 2, what is 1001 - -10110011001?
10110100010
In base 4, what is 10303113 + -2?
10303111
In base 8, what is 15770 - 15?
15753
In base 11, what is -4 - -a91a0?
a9197
In base 5, what is -13320440 + 3?
-13320432
In base 15, what is 0 + 137d1?
137d1
In base 13, what is c6 + -a09?
-913
In base 6, what is 40 - -2444?
2524
In base 4, what is -1002 - -132?
-210
In base 9, what is 125 + 17765?
18001
In base 8, what is -67 + 3046?
2757
In base 11, what is 9306 + 13?
9319
In base 3, what is -1112020001102 + 21?
-1112020001011
In base 8, what is 5035 - 105?
4730
In base 7, what is -4 - 402413?
-402420
In base 15, what is -2 - -b5ca?
b5c8
In base 4, what is 230233 + 11321?
302220
In base 8, what is 117727 - -13?
117742
In base 11, what is 283 + -21?
262
In base 13, what is 1 + -52b24?
-52b23
In base 11, what is -1012 - -240?
-882
In base 12, what is b - -b097?
b0a6
In base 15, what is 3d0 + -10?
3c0
In base 6, what is -445342 - 4?
-445350
In base 9, what is -180468 + 2?
-180466
In base 8, what is -5 - 363127?
-363134
In base 7, what is 1511 + 44?
1555
In base 2, what is -1010110110 + 110100000?
-100010110
In base 4, what is 2103330322 - -11?
2103330333
In base 16, what is 5 - 299a?
-2995
In base 14, what is 1aa3 - -d?
1ab2
In base 15, what is -4 - -14e2?
14dd
In base 16, what is -109 + -32a?
-433
In base 6, what is 2004 - 13545?
-11541
In base 6, what is 420 + -12314?
-11454
In base 12, what is -143 + 80?
-83
In base 2, what is 100 - -1001101011001?
1001101011101
In base 11, what is 3 - -211148?
211150
In base 12, what is 9 + 54169?
54176
In base 2, what is -1011101 + 1101010001000?
1101000101011
In base 11, what is -648a7 + 4?
-648a3
In base 11, what is 3878 + 19?
3896
In base 14, what is -2c + -b87?
-bb5
In base 11, what is -91a57 - 2?
-91a59
In base 11, what is 1 - 9068?
-9067
In base 11, what is 139 - -13?
151
In base 11, what is 2 - -55944?
55946
In base 15, what is -1d6 - 3ea?
-5d1
In base 14, what is -4cd - 0?
-4cd
In base 5, what is -30413212 - 0?
-30413212
In base 5, what is 3404 + 210?
4114
In base 2, what is 110 + -10011100001000111?
-10011100001000001
In base 13, what is 639 + -934?
-2c8
In base 9, what is -5 + -335621?
-335626
In base 7, what is 1226305 + 34?
1226342
In base 11, what is 73611 - -3?
73614
In base 15, what is 2 - 6868?
-6866
In base 4, what is -10 - 30321010?
-30321020
In base 16, what is 60c0 - 44?
607c
In base 14, what is -9a466 - 3?
-9a469
In base 10, what is 3 - -79442?
79445
In base 11, what is 5825 - 307?
5519
In base 14, what is c141 - -b?
c14c
In base 13, what is 26476 + -7?
2646c
In base 9, what is 213607 - -1?
213608
In base 16, what is 1961 + 5?
1966
In base 15, what is 31b41 - 0?
31b41
In base 16, what is -f109 - -2?
-f107
In base 15, what is -33 + 8533?
8500
In base 6, what is 3 + 1005425?
1005432
In base 6, what is 14244 - -30?
14314
In base 3, what is -2 + -2222222101101?
-2222222101110
In base 3, what is -212202011 - 10220?
-212220001
In base 10, what is 116 - 2656?
-2540
In base 15, what is -4 - 1b44?
-1b48
In base 11, what is 5 + -2576?
-2571
In base 6, what is 11202142 + 14?
11202200
In base 14, what is 58 - -90d?
967
In base 16, what is 3a + -3b5?
-37b
In base 15, what is -4 - 164b9a?
-164b9e
In base 16, what is 59 - -1f41?
1f9a
In base 14, what is -2d5aa - 1?
-2d5ab
In base 8, what is 2 - 1414030?
-1414026
In base 6, what is 0 + -54412?
-54412
In base 13, what is b0c79 + -1?
b0c78
In base 14, what is -1 - -3c17b?
3c17a
In base 13, what is -89c8 - 0?
-89c8
In base 11, what is 91 + a5?
186
In base 3, what is -2210102 + 121?
-2202211
In base 10, what is -129 - 67?
-196
In base 11, what is -1 - -24044?
24043
In base 5, what is -423 - 2121000?
-2121423
In base 9, what is 54622 + -30?
54582
In base 3, what is 0 - 121020002?
-121020002
In base 3, what is -201 - 11202111?
-11210012
In base 5, what is -141 - 10420?
-11111
In base 5, what is -4013 + 1442?
-2021
In base 13, what is 27 + 138b?
13b5
In base 16, what is 376709 - -3?
37670c
In base 14, what is 2c + -1392?
-1364
In base 15, what is 17ad + 24?
17d2
In base 6, what is -30145 - -5?
-30140
In base 15, what is 5 - 2c9?
-2c4
In base 2, what is 100101100110101110 - -1?
100101100110101111
In base 5, what is 1010313 - 142?
1010121
In base 3, what is 1120 - -110222222?
111001112
In bas